{"id":1776,"date":"2016-02-01T15:01:20","date_gmt":"2016-02-01T15:01:20","guid":{"rendered":"http:\/\/anpsthemes.com\/construction-demo-2\/my-account\/"},"modified":"2018-03-12T00:06:42","modified_gmt":"2018-03-11T23:06:42","slug":"tarif-location-autobus","status":"publish","type":"page","link":"https:\/\/www.autocar.brussels\/fr\/tarif-location-autobus\/","title":{"rendered":"Tarif Location Autobus Bruxelles"},"content":{"rendered":"<p><\/p>\n<h2>location autocar bruxelles prix<\/h2>\n<p>Vous \u00eates maintenant pr\u00eat \u00e0 faire votre choix et \u00e0 louer un autocar ? Nous sommes convaincus que votre exp\u00e9rience de location d\u2019autobus a bruxelles fera votre bonheur. Voici quelques derni\u00e8res informations \u00e0 conna\u00eetre avant de louer.Tarif Location Autobus<br \/>\nLe co\u00fbt de la location d\u2019un autocar de luxe a bruxelles\u00a0 ou d\u2019un minibus varie selon quelques facteurs. Les caract\u00e9ristiques \u00e0 prendre ne compte dans la tarification sont la dur\u00e9e de location, le kilom\u00e9trage effectu\u00e9, le type de v\u00e9hicule \u00e0 louer ainsi que la p\u00e9riode de l\u2019ann\u00e9e.<\/p>\n<p>Contactez-nous pour demander une soumission, et assurez-vous de d\u00e9tenir les informations suivantes, afin de pr\u00e9ciser vos besoins le plus possible :<\/p>\n<p>La date, l\u2019heure et l\u2019endroit de d\u00e9part<br \/>\nLe nombre de passagers<br \/>\nLe type d\u2019autocar et les sp\u00e9cifications requises (toilettes, services \u00e0 bord, rampe d\u2019acc\u00e8s pour fauteuil roulant, etc.)<br \/>\nLa destination<br \/>\nL\u2019itin\u00e9raire du voyage avec les arr\u00eats \u00e0 effectuer et l\u2019heure \u00e0 laquelle le voyage doit se terminer<br \/>\nLes demandes suppl\u00e9mentaires<\/p>\n<p>&nbsp;<\/p>","protected":false},"excerpt":{"rendered":"<p>location autocar bruxelles prix Vous \u00eates maintenant pr\u00eat \u00e0 faire votre choix et \u00e0 louer un autocar ? Nous sommes convaincus que votre exp\u00e9rience de location d\u2019autobus a bruxelles fera votre bonheur. Voici quelques derni\u00e8res informations \u00e0 conna\u00eetre avant de &hellip;<\/p>\n","protected":false},"author":3,"featured_media":0,"parent":0,"menu_order":0,"comment_status":"closed","ping_status":"closed","template":"","meta":{"footnotes":""},"class_list":["post-1776","page","type-page","status-publish","hentry"],"yoast_head":"<!-- This site is optimized with the Yoast SEO plugin v27.5 - https:\/\/yoast.com\/product\/yoast-seo-wordpress\/ -->\n<title>Tarif Location Autobus Bruxelles &#8902; Location minibus bruxelles<\/title>\n<meta name=\"description\" content=\"Location minibus bruxelles Tarif Location Autobus Bruxelles %\" \/>\n<meta name=\"robots\" content=\"index, follow, max-snippet:-1, max-image-preview:large, max-video-preview:-1\" \/>\n<link rel=\"canonical\" href=\"https:\/\/www.autocar.brussels\/fr\/tarif-location-autobus\/\" \/>\n<meta property=\"og:locale\" content=\"fr_FR\" \/>\n<meta property=\"og:type\" content=\"article\" \/>\n<meta property=\"og:title\" content=\"Tarif Location Autobus Bruxelles &#8902; Location minibus bruxelles\" \/>\n<meta property=\"og:description\" content=\"Location minibus bruxelles Tarif Location Autobus Bruxelles %\" \/>\n<meta property=\"og:url\" content=\"https:\/\/www.autocar.brussels\/fr\/tarif-location-autobus\/\" \/>\n<meta property=\"og:site_name\" content=\"Location minibus bruxelles\" \/>\n<meta property=\"article:publisher\" content=\"https:\/\/www.facebook.com\/LimostarLimousineServices\/\" \/>\n<meta property=\"article:modified_time\" content=\"2018-03-11T23:06:42+00:00\" \/>\n<meta property=\"og:image\" content=\"https:\/\/www.autocar.brussels\/wp-content\/uploads\/2021\/12\/chauffeur-de-bus-scaled.jpg\" \/>\n\t<meta property=\"og:image:width\" content=\"1280\" \/>\n\t<meta property=\"og:image:height\" content=\"864\" \/>\n\t<meta property=\"og:image:type\" content=\"image\/jpeg\" \/>\n<meta name=\"twitter:card\" content=\"summary_large_image\" \/>\n<meta name=\"twitter:label1\" content=\"Dur\u00e9e de lecture estim\u00e9e\" \/>\n\t<meta name=\"twitter:data1\" content=\"2 minutes\" \/>\n<script type=\"application\/ld+json\" class=\"yoast-schema-graph\">{\"@context\":\"https:\\\/\\\/schema.org\",\"@graph\":[{\"@type\":\"WebPage\",\"@id\":\"https:\\\/\\\/www.autocar.brussels\\\/fr\\\/tarif-location-autobus\\\/\",\"url\":\"https:\\\/\\\/www.autocar.brussels\\\/fr\\\/tarif-location-autobus\\\/\",\"name\":\"Tarif Location Autobus Bruxelles &#8902; Location minibus bruxelles\",\"isPartOf\":{\"@id\":\"https:\\\/\\\/www.autocar.brussels\\\/fr\\\/#website\"},\"datePublished\":\"2016-02-01T15:01:20+00:00\",\"dateModified\":\"2018-03-11T23:06:42+00:00\",\"description\":\"Location minibus bruxelles Tarif Location Autobus Bruxelles %\",\"breadcrumb\":{\"@id\":\"https:\\\/\\\/www.autocar.brussels\\\/fr\\\/tarif-location-autobus\\\/#breadcrumb\"},\"inLanguage\":\"fr-FR\",\"potentialAction\":[{\"@type\":\"ReadAction\",\"target\":[\"https:\\\/\\\/www.autocar.brussels\\\/fr\\\/tarif-location-autobus\\\/\"]}]},{\"@type\":\"BreadcrumbList\",\"@id\":\"https:\\\/\\\/www.autocar.brussels\\\/fr\\\/tarif-location-autobus\\\/#breadcrumb\",\"itemListElement\":[{\"@type\":\"ListItem\",\"position\":1,\"name\":\"Accueil\",\"item\":\"https:\\\/\\\/www.autocar.brussels\\\/\"},{\"@type\":\"ListItem\",\"position\":2,\"name\":\"Tarif Location Autobus Bruxelles\"}]},{\"@type\":\"WebSite\",\"@id\":\"https:\\\/\\\/www.autocar.brussels\\\/fr\\\/#website\",\"url\":\"https:\\\/\\\/www.autocar.brussels\\\/fr\\\/\",\"name\":\"Location minibus bruxelles\",\"description\":\"Bus et autocar avec chauffeur en Belgique\",\"publisher\":{\"@id\":\"https:\\\/\\\/www.autocar.brussels\\\/fr\\\/#organization\"},\"potentialAction\":[{\"@type\":\"SearchAction\",\"target\":{\"@type\":\"EntryPoint\",\"urlTemplate\":\"https:\\\/\\\/www.autocar.brussels\\\/fr\\\/?s={search_term_string}\"},\"query-input\":{\"@type\":\"PropertyValueSpecification\",\"valueRequired\":true,\"valueName\":\"search_term_string\"}}],\"inLanguage\":\"fr-FR\"},{\"@type\":\"Organization\",\"@id\":\"https:\\\/\\\/www.autocar.brussels\\\/fr\\\/#organization\",\"name\":\"location minibus bruxelles\",\"alternateName\":\"Location Autocar Bruxelles\",\"url\":\"https:\\\/\\\/www.autocar.brussels\\\/fr\\\/\",\"logo\":{\"@type\":\"ImageObject\",\"inLanguage\":\"fr-FR\",\"@id\":\"https:\\\/\\\/www.autocar.brussels\\\/fr\\\/#\\\/schema\\\/logo\\\/image\\\/\",\"url\":\"https:\\\/\\\/www.autocar.brussels\\\/wp-content\\\/uploads\\\/2018\\\/01\\\/logo-limo-footer.png\",\"contentUrl\":\"https:\\\/\\\/www.autocar.brussels\\\/wp-content\\\/uploads\\\/2018\\\/01\\\/logo-limo-footer.png\",\"width\":177,\"height\":39,\"caption\":\"location minibus bruxelles\"},\"image\":{\"@id\":\"https:\\\/\\\/www.autocar.brussels\\\/fr\\\/#\\\/schema\\\/logo\\\/image\\\/\"},\"sameAs\":[\"https:\\\/\\\/www.facebook.com\\\/LimostarLimousineServices\\\/\"]}]}<\/script>\n<!-- \/ Yoast SEO plugin. -->","yoast_head_json":{"title":"Tarif Location Autobus Bruxelles &#8902; Location minibus bruxelles","description":"Location minibus bruxelles Tarif Location Autobus Bruxelles %","robots":{"index":"index","follow":"follow","max-snippet":"max-snippet:-1","max-image-preview":"max-image-preview:large","max-video-preview":"max-video-preview:-1"},"canonical":"https:\/\/www.autocar.brussels\/fr\/tarif-location-autobus\/","og_locale":"fr_FR","og_type":"article","og_title":"Tarif Location Autobus Bruxelles &#8902; Location minibus bruxelles","og_description":"Location minibus bruxelles Tarif Location Autobus Bruxelles %","og_url":"https:\/\/www.autocar.brussels\/fr\/tarif-location-autobus\/","og_site_name":"Location minibus bruxelles","article_publisher":"https:\/\/www.facebook.com\/LimostarLimousineServices\/","article_modified_time":"2018-03-11T23:06:42+00:00","og_image":[{"width":1280,"height":864,"url":"https:\/\/www.autocar.brussels\/wp-content\/uploads\/2021\/12\/chauffeur-de-bus-scaled.jpg","type":"image\/jpeg"}],"twitter_card":"summary_large_image","twitter_misc":{"Dur\u00e9e de lecture estim\u00e9e":"2 minutes"},"schema":{"@context":"https:\/\/schema.org","@graph":[{"@type":"WebPage","@id":"https:\/\/www.autocar.brussels\/fr\/tarif-location-autobus\/","url":"https:\/\/www.autocar.brussels\/fr\/tarif-location-autobus\/","name":"Tarif Location Autobus Bruxelles &#8902; Location minibus bruxelles","isPartOf":{"@id":"https:\/\/www.autocar.brussels\/fr\/#website"},"datePublished":"2016-02-01T15:01:20+00:00","dateModified":"2018-03-11T23:06:42+00:00","description":"Location minibus bruxelles Tarif Location Autobus Bruxelles %","breadcrumb":{"@id":"https:\/\/www.autocar.brussels\/fr\/tarif-location-autobus\/#breadcrumb"},"inLanguage":"fr-FR","potentialAction":[{"@type":"ReadAction","target":["https:\/\/www.autocar.brussels\/fr\/tarif-location-autobus\/"]}]},{"@type":"BreadcrumbList","@id":"https:\/\/www.autocar.brussels\/fr\/tarif-location-autobus\/#breadcrumb","itemListElement":[{"@type":"ListItem","position":1,"name":"Accueil","item":"https:\/\/www.autocar.brussels\/"},{"@type":"ListItem","position":2,"name":"Tarif Location Autobus Bruxelles"}]},{"@type":"WebSite","@id":"https:\/\/www.autocar.brussels\/fr\/#website","url":"https:\/\/www.autocar.brussels\/fr\/","name":"Location minibus bruxelles","description":"Bus et autocar avec chauffeur en Belgique","publisher":{"@id":"https:\/\/www.autocar.brussels\/fr\/#organization"},"potentialAction":[{"@type":"SearchAction","target":{"@type":"EntryPoint","urlTemplate":"https:\/\/www.autocar.brussels\/fr\/?s={search_term_string}"},"query-input":{"@type":"PropertyValueSpecification","valueRequired":true,"valueName":"search_term_string"}}],"inLanguage":"fr-FR"},{"@type":"Organization","@id":"https:\/\/www.autocar.brussels\/fr\/#organization","name":"location minibus bruxelles","alternateName":"Location Autocar Bruxelles","url":"https:\/\/www.autocar.brussels\/fr\/","logo":{"@type":"ImageObject","inLanguage":"fr-FR","@id":"https:\/\/www.autocar.brussels\/fr\/#\/schema\/logo\/image\/","url":"https:\/\/www.autocar.brussels\/wp-content\/uploads\/2018\/01\/logo-limo-footer.png","contentUrl":"https:\/\/www.autocar.brussels\/wp-content\/uploads\/2018\/01\/logo-limo-footer.png","width":177,"height":39,"caption":"location minibus bruxelles"},"image":{"@id":"https:\/\/www.autocar.brussels\/fr\/#\/schema\/logo\/image\/"},"sameAs":["https:\/\/www.facebook.com\/LimostarLimousineServices\/"]}]}},"_links":{"self":[{"href":"https:\/\/www.autocar.brussels\/fr\/wp-json\/wp\/v2\/pages\/1776","targetHints":{"allow":["GET"]}}],"collection":[{"href":"https:\/\/www.autocar.brussels\/fr\/wp-json\/wp\/v2\/pages"}],"about":[{"href":"https:\/\/www.autocar.brussels\/fr\/wp-json\/wp\/v2\/types\/page"}],"author":[{"embeddable":true,"href":"https:\/\/www.autocar.brussels\/fr\/wp-json\/wp\/v2\/users\/3"}],"replies":[{"embeddable":true,"href":"https:\/\/www.autocar.brussels\/fr\/wp-json\/wp\/v2\/comments?post=1776"}],"version-history":[{"count":7,"href":"https:\/\/www.autocar.brussels\/fr\/wp-json\/wp\/v2\/pages\/1776\/revisions"}],"predecessor-version":[{"id":2751,"href":"https:\/\/www.autocar.brussels\/fr\/wp-json\/wp\/v2\/pages\/1776\/revisions\/2751"}],"wp:attachment":[{"href":"https:\/\/www.autocar.brussels\/fr\/wp-json\/wp\/v2\/media?parent=1776"}],"curies":[{"name":"wp","href":"https:\/\/api.w.org\/{rel}","templated":true}]}}

<p></p>
<h2>location autocar bruxelles prix</h2>
<p>Vous êtes maintenant prêt à faire votre choix et à louer un autocar ? Nous sommes convaincus que votre expérience de location d’autobus a bruxelles fera votre bonheur. Voici quelques dernières informations à connaître avant de louer.Tarif Location Autobus<br />
Le coût de la location d’un autocar de luxe a bruxelles  ou d’un minibus varie selon quelques facteurs. Les caractéristiques à prendre ne compte dans la tarification sont la durée de location, le kilométrage effectué, le type de véhicule à louer ainsi que la période de l’année.</p>
<p>Contactez-nous pour demander une soumission, et assurez-vous de détenir les informations suivantes, afin de préciser vos besoins le plus possible :</p>
<p>La date, l’heure et l’endroit de départ<br />
Le nombre de passagers<br />
Le type d’autocar et les spécifications requises (toilettes, services à bord, rampe d’accès pour fauteuil roulant, etc.)<br />
La destination<br />
L’itinéraire du voyage avec les arrêts à effectuer et l’heure à laquelle le voyage doit se terminer<br />
Les demandes supplémentaires</p>
<p>&nbsp;</p>

<p>location autocar bruxelles prix Vous êtes maintenant prêt à faire votre choix et à louer un autocar ? Nous sommes convaincus que votre expérience de location d’autobus a bruxelles fera votre bonheur. Voici quelques dernières informations à connaître avant de &hellip;</p>

<!-- This site is optimized with the Yoast SEO plugin v27.5 - https://yoast.com/product/yoast-seo-wordpress/ -->
<title>Tarif Location Autobus Bruxelles &#8902; Location minibus bruxelles</title>
<meta name="description" content="Location minibus bruxelles Tarif Location Autobus Bruxelles %" />
<meta name="robots" content="index, follow, max-snippet:-1, max-image-preview:large, max-video-preview:-1" />
<link rel="canonical" href="https://www.autocar.brussels/fr/tarif-location-autobus/" />
<meta property="og:locale" content="fr_FR" />
<meta property="og:type" content="article" />
<meta property="og:title" content="Tarif Location Autobus Bruxelles &#8902; Location minibus bruxelles" />
<meta property="og:description" content="Location minibus bruxelles Tarif Location Autobus Bruxelles %" />
<meta property="og:url" content="https://www.autocar.brussels/fr/tarif-location-autobus/" />
<meta property="og:site_name" content="Location minibus bruxelles" />
<meta property="article:publisher" content="https://www.facebook.com/LimostarLimousineServices/" />
<meta property="article:modified_time" content="2018-03-11T23:06:42+00:00" />
<meta property="og:image" content="https://www.autocar.brussels/wp-content/uploads/2021/12/chauffeur-de-bus-scaled.jpg" />
	<meta property="og:image:width" content="1280" />
	<meta property="og:image:height" content="864" />
	<meta property="og:image:type" content="image/jpeg" />
<meta name="twitter:card" content="summary_large_image" />
<meta name="twitter:label1" content="Durée de lecture estimée" />
	<meta name="twitter:data1" content="2 minutes" />
<script type="application/ld+json" class="yoast-schema-graph">{"@context":"https:\/\/schema.org","@graph":[{"@type":"WebPage","@id":"https:\/\/www.autocar.brussels\/fr\/tarif-location-autobus\/","url":"https:\/\/www.autocar.brussels\/fr\/tarif-location-autobus\/","name":"Tarif Location Autobus Bruxelles &#8902; Location minibus bruxelles","isPartOf":{"@id":"https:\/\/www.autocar.brussels\/fr\/#website"},"datePublished":"2016-02-01T15:01:20+00:00","dateModified":"2018-03-11T23:06:42+00:00","description":"Location minibus bruxelles Tarif Location Autobus Bruxelles %","breadcrumb":{"@id":"https:\/\/www.autocar.brussels\/fr\/tarif-location-autobus\/#breadcrumb"},"inLanguage":"fr-FR","potentialAction":[{"@type":"ReadAction","target":["https:\/\/www.autocar.brussels\/fr\/tarif-location-autobus\/"]}]},{"@type":"BreadcrumbList","@id":"https:\/\/www.autocar.brussels\/fr\/tarif-location-autobus\/#breadcrumb","itemListElement":[{"@type":"ListItem","position":1,"name":"Accueil","item":"https:\/\/www.autocar.brussels\/"},{"@type":"ListItem","position":2,"name":"Tarif Location Autobus Bruxelles"}]},{"@type":"WebSite","@id":"https:\/\/www.autocar.brussels\/fr\/#website","url":"https:\/\/www.autocar.brussels\/fr\/","name":"Location minibus bruxelles","description":"Bus et autocar avec chauffeur en Belgique","publisher":{"@id":"https:\/\/www.autocar.brussels\/fr\/#organization"},"potentialAction":[{"@type":"SearchAction","target":{"@type":"EntryPoint","urlTemplate":"https:\/\/www.autocar.brussels\/fr\/?s={search_term_string}"},"query-input":{"@type":"PropertyValueSpecification","valueRequired":true,"valueName":"search_term_string"}}],"inLanguage":"fr-FR"},{"@type":"Organization","@id":"https:\/\/www.autocar.brussels\/fr\/#organization","name":"location minibus bruxelles","alternateName":"Location Autocar Bruxelles","url":"https:\/\/www.autocar.brussels\/fr\/","logo":{"@type":"ImageObject","inLanguage":"fr-FR","@id":"https:\/\/www.autocar.brussels\/fr\/#\/schema\/logo\/image\/","url":"https:\/\/www.autocar.brussels\/wp-content\/uploads\/2018\/01\/logo-limo-footer.png","contentUrl":"https:\/\/www.autocar.brussels\/wp-content\/uploads\/2018\/01\/logo-limo-footer.png","width":177,"height":39,"caption":"location minibus bruxelles"},"image":{"@id":"https:\/\/www.autocar.brussels\/fr\/#\/schema\/logo\/image\/"},"sameAs":["https:\/\/www.facebook.com\/LimostarLimousineServices\/"]}]}</script>
<!-- / Yoast SEO plugin. -->
